ve b(-2).
17
Let k(g) = -3*g**2 + 16*g + 37. What is k(-7)?
-222
Let h(p) = p**2 - 20*p + 53. Calculate h(9).
-46
Let g(n) = -n**3 - 3*n**2 + 61*n - 18. Give g(-10).
72
Let q(m) = 1370*m - 2734. Give q(2).
6
Let z(m) = -m**3 - 53*m**2 - m + 23. Give z(-53).
76
Let k(o) = 922*o - 4630. Give k(5).
-20
Let f(u) = u**2 + 26*u + 145. Determine f(-13).
-24
Let m(f) = -290*f - 1192. Determine m(-4).
-32
Let x(g) = 10*g**2 - 33*g - 695. Determine x(10).
-25
Let h(i) = -4*i**3 - 298*i**2 - 157*i - 638. Determine h(-74).
28
Let y(f) = 50*f + 7705. What is y(-154)?
5
Let p(v) = -395*v + 409. Calculate p(1).
14
Let d(c) = c**3 - 4*c**2 + 7*c - 37. Give d(7).
159
Let g(w) = -138*w + 1343. What is g(9)?
101
Let z(v) = -41*v**2 + 77*v + 1. Determine z(2).
-9
Let c(b) = b**3 - 46*b**2 + 395*b - 343. What is c(10)?
7
Let n(k) = -255*k + 22905. What is n(90)?
-45
Let w(a) = 129*a + 4901. Calculate w(-38).
-1
Let b(v) = 52*v - 1001. Calculate b(17).
-117
Let t(o) = o**2 + 102*o - 1251. Determine t(11).
-8
Let g(p) = -p**3 + 79*p**2 - 1450*p - 9. What is g(50)?
-9
Let a(i) = i**3 + 7*i**2 - 15*i - 41. Determine a(-8).
15
Let d(w) = w**3 - 8*w**2 + 9*w - 13. What is d(6)?
-31
Let d(a) = 120*a - 6961. What is d(58)?
-1
Let z(d) = d**2 - 25*d - 1579. Give z(54).
-13
Let z(u) = 66*u - 113. Give z(15).
877
Let x(i) = -i**2 + 62*i - 918. Give x(25).
7
Let m(g) = -g**2 + 27*g - 181. Give m(8).
-29
Let h(v) = -60*v + 296. What is h(5)?
-4
Let q(a) = -a**2 - 9*a - 179. Give q(-21).
-431
Let c(x) = -16*x**2 + 9*x + 5. Calculate c(-2).
-77
Let s(j) = -j**3 + 12*j**2 - 14*j - 32. What is s(10)?
28
Let c(q) = 30*q**2 - 600*q + 2. Calculate c(20).
2
Let q(u) = -43*u + 560. Give q(12).
44
Let a(x) = -47*x - 2012. What is a(-43)?
9
Let l(s) = -6*s**2 + 338*s + 232. Give l(57).
4
Let t(o) = -2*o**2 - 107*o + 531. What is t(-58)?
9
Let m(t) = -2*t**3 + 14*t**2 - 2*t + 40. Calculate m(10).
-580
Let a(j) = -3*j**2 + 284*j - 6720. Determine a(49).
-7
Let c(y) = -3*y**3 + 54*y**2 + 341*y + 102. What is c(23)?
10
Let f(z) = -z**2 + 210*z + 28. Give f(0).
28
Let s(r) = 22*r + 125. Determine s(-4).
37
Let g(a) = -5*a**2 - 123*a - 279. Give g(-22).
7
Let a(k) = -137*k - 404. What is a(-3)?
7
Let b(h) = -8*h**2 + 177*h + 576. Determine b(-3).
-27
Let n(v) = 68*v + 4199. Give n(-59).
187
Let x(i) = 129*i**3 - 2*i**2 - 28*i + 29. What is x(1)?
128
Let k(p) = p**2 - 32*p + 63. Determine k(4).
-49
Let w(c) = -c**2 - 2109*c + 4224. What is w(2)?
2
Let s(z) = -2*z**3 + 278*z**2 + 11*z - 1640. What is s(139)?
-111
Let w(l) = l**3 - 5*l**2 - 12*l + 53. Give w(-4).
-43
Let a(i) = -7*i**2 + 13*i - 2. Determine a(-1).
-22
Let a(c) = -129*c - 929. Determine a(-8).
103
Let n(v) = 121*v**2 + 491*v + 32. Calculate n(-4).
4
Let s(w) = 3*w**3 - 30*w**2 + 61*w - 30. Calculate s(9).
276
Let s(g) = -3302*g - 6600. Calculate s(-2).
4
Let d(g) = 3*g**3 + g**2 - 6*g - 26. Calculate d(-5).
-346
Let b(h) = 1229*h + 34415. What is b(-28)?
3
Let s(f) = -101*f + 2773. Give s(27).
46
Let f(v) = 3*v**3 + 186*v**2 - 1226*v - 121. Calculate f(-68).
15
Let l(v) = -2*v**3 + 78*v**2 + 25*v - 975. Calculate l(39).
0
Let s(t) = 4429*t + 177159. What is s(-40)?
-1
Let f(y) = -421*y + 1256. Determine f(3).
-7
Let s(p) = -82*p + 1420. Determine s(18).
-56
Let b(s) = -15*s**3 + 2*s**2 - 3*s - 3. What is b(2)?
-121
Let j(s) = 4*s**3 - 6*s**2 + 6*s + 2. Calculate j(2).
22
Let d(f) = -54*f**2 - 4968*f + 114. Give d(-92).
114
Let i(a) = -678*a + 20. Give i(0).
20
Let y(z) = -2*z + 64. Give y(31).
2
Let z(i) = 12*i**2 + i - 22. Determine z(-4).
166
Let a(u) = u**3 - 8*u**2 - 7*u + 99. Give a(7).
1
Let n(c) = 2*c**2 + 148*c + 1980. What is n(-18)?
-36
Let o(s) = 3*s**3 - 30*s**2 + 51*s - 11. Give o(8).
13
Let k(r) = -r**2 + 59. What is k(7)?
10
Let o(f) = -f**2 + 599*f + 6096. What is o(-10)?
6
Let z(n) = 174*n + 1577. Determine z(-9).
11
Let l(m) = -19*m + 4484. Determine l(236).
0
Let t(l) = 3*l**2 - 84*l - 68. Determine t(29).
19
Let o(i) = -3*i - 75. Give o(14).
-117
Let d(g) = -g**3 + 59*g**2 - 797*g - 11. What is d(21)?
10
Let q(r) = 2*r**2 + 89*r + 929. Give q(-17).
-6
Let i(j) = 304*j + 3316. Give i(-11).
-28
Let b(n) = -161*n**2 + 8*n - 7. Determine b(1).
-160
Let p(w) = -268*w + 3331. Give p(10).
651
Let r(d) = -d**3 + d**2 - 22*d + 55. Determine r(3).
-29
Let p(t) = -t**3 + 35*t**2 + 52*t - 542. Determine p(36).
34
Let n(l) = -44*l**2 - 19*l - 18. Determine n(-1).
-43
Let u(b) = 92*b - 35. Calculate u(1).
57
Let y(v) = 13*v - 1067. What is y(83)?
12
Let b(g) = -126*g + 266. Determine b(2).
14
Let p(d) = 28*d**2 - 44*d + 32. What is p(1)?
16
Let i(j) = -j**3 + 99*j**2 + 8*j - 46. Give i(99).
746
Let r(y) = 5*y + 166. Determine r(-39).
-29
Let b(p) = -2*p**3 + 153*p**2 + 249*p - 1148. Give b(78).
22
Let u(c) = -c**3 + 50*c**2 - 86*c - 469. Determine u(48).
11
Let l(m) = 34*m + 2555. Calculate l(-83).
-267
Let t(l) = -19*l - 353. Determine t(-17).
-30
Let g(x) = 2*x**2 + 8*x + 4. What is g(4)?
68
Let j(h) = h**2 - 3603*h + 15. What is j(0)?
15
Let n(w) = -w**2 - 17*w + 89. Give n(-19).
51
Let d(x) = x**3 + 11*x**2 + 16*x + 21. Calculate d(-10).
-39
Let y(i) = -i**2 + 469*i - 54978. Calculate y(232).
6
Let z(m) = -m**3 - 10*m**2 + 97*m + 960. Give z(-9).
6
Let k(f) = f**3 - 27*f**2 + 149*f - 65. What is k(7)?
-2
Let g(t) = t**2 + 31*t + 191. What is g(-14)?
-47
Let b(u) = -56*u**2 - 26*u - 3. Calculate b(1).
-85
Let i(k) = -2*k**3 - 4*k**2 - 31*k - 153. Give i(-4).
35
Let f(n) = n**3 + 88*n**2 + 419*n + 20. What is f(-5)?
0
Let r(x) = -6*x + 128. What is r(6)?
92
Let w(f) = 19*f + 25. Determine w(-3).
-32
Let p(q) = -q**3 - 9*q**2 + 6*q + 13. Give p(-9).
-41
Let u(g) = 18*g + 114. Determine u(-25).
-336
Let j(i) = -32*i**2 + 348*i - 278. What is j(10)?
2
Let z(j) = -4*j**2 + 32*j + 136. What is z(-3)?
4
Let j(b) = b**3 + b**2 - 23*b - 23. Determine j(-1).
0
Let m(x) = 112*x - 2964. Determine m(27).
60
Let s(m) = 85*m + 5020. Determine s(-59).
5
Let b(x) = -171*x - 1038. What is b(-6)?
-12
Let a(w) = -18*w - 19. What is a(-5)?
71
Let r(o) = -97*o + 6231. Calculate r(64).
23
Let d(m) = -2*m**3 + 19*m**2 + 17*m + 1. Give d(11).
-175
Let q(m) = 6*m**2 - 54*m + 25. Give q(10).
85
Let u(c) = -302*c + 2694. Determine u(9).
-24
Let s(a) = -2045*a + 22502. What is s(11)?
7
Let k(b) = -37*b - 233. Calculate k(-9).
100
Let x(i) = 756*i - 252498. Determine x(334).
6
Let b(v) = 8*v**3 - 3*v**2 + 4*v + 7. Calculate b(-1).
-8
Let i(z) = -z**3 - 28*z**2 - 196*z - 149. What is i(-17)?
4
Let n(h) = -59*h + 972. Give n(16).
28
Let o(x) = 21*x**2 - 620*x - 619. Give o(-1).
22
Let p(d) = d**2 - 143*d + 3942. Calculate p(105).
-48
Let g(r) = -2*r**2 + 5*r - 25. Calculate g(5).
-50
Let y(x) = -34*x + 2. Calculate y(-6).
206
Let i(o) = -10*o**2 - 34*o + 5. Give i(-4).
-19
Let t(o) = 23*o + 78. Calculate t(-4).
-14
Let q(z) = z**2 - 27*z - 18. Determine q(21).
-144
Let m(v) = 3*v**2 + 90*v + 183. Give m(-2).
15
Let q(h) = 80*h - 788. Give q(10).
12
Let l(w) = -26*w - 2595. Calculate l(-99).
-21
Let o(q) = -15*q - 349. Give o(-22).
-19
Let c(l) = -38*l + 532. Calculate c(14).
0
Let w(k) = k**3 + 61*k**2 - 68*k - 102. What is w(-62)?
270
Let p(q) = q**2 + q - 21. Calculate p(5).
9
Let u(p) = -p**3 - 21*p**2 - 106*p - 22. What is u(-13)?
4
Let f(w) = -w**2 + 23*w - 44. What is f(21)?
-2
Let c(s) = -s**3 + 74*s**2 + 208*s + 8097. Give c(78).
-15
Let r(g) = 848*g**3 - 2*g**2 + 4*g - 4. What is r(1)?
846
Let a(z) = 4*z**2 - 13*z + 31. Calculate a(8).
183
Let k(n) = n**3 - 47*n**2 - 49*n + 254. Calculate k(48).
206
Let k(o) = -o**3 - 14*o**2 + 6*o - 61. Give k(-14).
-145
Let v(h) = -4*h**3 - 37*h**2 - 10*h - 5. Give v(-9).
4
Let c(m) = -m**3 - 70*m**2 - 131*m + 4. Calculate c(-2).
-6
Let u(r) = 3*r**2 + 323*r - 144. Calculate u(-108).
-36
Let v(x) = x**3 - 53*x**2 + 431*x - 49. Calculate v(43).
-6
Let j(c) = -3*c**2 - 269*c - 443. Determine j(-88).
-3
Let n(w) = -w**2 + 46*w - 536. What is n(19)?
-23
Let o(g) = -2*g**3 + 4*g**2 - 4*g + 38. Determine o(0).
38
Let w(s) = 59*s**2 + 1597*s + 114. Determine w(-27).
6
Let u(p) = 119*p + 83. Calculate u(-4).
-393
Let t(x) = 10*x**2 - 49*x - 8. Give t(5).
-3
Let z(w) = -45*w + 200. Give z(6).
-70
Let d(k) = 25*k - 39. Calculate d(-6).
-189
Let l(m) = 7*m**2 - 15*m + 24. Determine l(4).
76
Let v(h) = 161*h - 2600.